re the prime factors of 28175?
5, 7, 23
What are the prime factors of 693741?
3, 71, 3257
What are the prime factors of 9097575?
3, 5, 101, 1201
What are the prime factors of 852271?
7, 109, 1117
List the prime factors of 6531020.
2, 5, 251, 1301
What are the prime factors of 44427?
3, 59, 251
What are the prime factors of 802?
2, 401
List the prime factors of 5965263.
3, 487, 1361
List the prime factors of 2995497.
3, 23, 29, 499
List the prime factors of 177985.
5, 35597
What are the prime factors of 61967?
61967
List the prime factors of 7990470.
2, 3, 5, 47, 1889
List the prime factors of 1691567.
1691567
List the prime factors of 1036506.
2, 3, 172751
What are the prime factors of 18204?
2, 3, 37, 41
What are the prime factors of 134941?
23, 5867
What are the prime factors of 12858367?
12858367
List the prime factors of 413720.
2, 5, 10343
List the prime factors of 245774.
2, 122887
What are the prime factors of 50864?
2, 11, 17
List the prime factors of 584420.
2, 5, 29221
List the prime factors of 2540005.
5, 13, 23, 1699
What are the prime factors of 28433259?
3, 61, 67, 773
List the prime factors of 90216.
2, 3, 7, 179
What are the prime factors of 252463?
252463
What are the prime factors of 11948567?
73, 163679
What are the prime factors of 178482?
2, 3, 151, 197
List the prime factors of 535260.
2, 3, 5, 11, 811
List the prime factors of 1123901.
1123901
What are the prime factors of 167951?
7, 23993
List the prime factors of 186020.
2, 5, 71, 131
What are the prime factors of 706570?
2, 5, 70657
What are the prime factors of 1879619?
7, 268517
What are the prime factors of 9652439?
31, 103, 3023
List the prime factors of 732237.
3, 11, 22189
List the prime factors of 4633686.
2, 3, 28603
What are the prime factors of 10766513?
383, 28111
List the prime factors of 3707096.
2, 463387
What are the prime factors of 164990?
2, 5, 7, 2357
What are the prime factors of 203552?
2, 6361
List the prime factors of 369453.
3, 7, 73, 241
List the prime factors of 495002.
2, 247501
What are the prime factors of 246960?
2, 3, 5, 7
What are the prime factors of 22305694?
2, 11152847
What are the prime factors of 202477?
11, 79, 233
List the prime factors of 1504620.
2, 3, 5, 13, 643
List the prime factors of 1466376.
2, 3, 61099
What are the prime factors of 224352?
2, 3, 19, 41
What are the prime factors of 637441?
7, 13009
What are the prime factors of 11160126?
2, 3, 17, 12157
List the prime factors of 10222494.
2, 3, 19, 89671
What are the prime factors of 129508?
2, 32377
What are the prime factors of 111784?
2, 89, 157
List the prime factors of 5439553.
7, 61, 12739
List the prime factors of 4875941.
7, 151, 659
What are the prime factors of 257584?
2, 17, 947
List the prime factors of 874457.
874457
List the prime factors of 1101315.
3, 5, 73421
What are the prime factors of 901942?
2, 450971
List the prime factors of 5857528.
2, 732191
List the prime factors of 7250541.
3, 79, 30593
What are the prime factors of 230699?
7, 32957
What are the prime factors of 421033?
421033
What are the prime factors of 3201809?
13, 163, 1511
List the prime factors of 19510411.
19510411
What are the prime factors of 639239?
23, 27793
List the prime factors of 336317.
336317
List the prime factors of 2009911.
2009911
List the prime factors of 198318.
2, 3, 33053
What are the prime factors of 20870607?
3, 19, 227, 1613
What are the prime factors of 199924?
2, 151, 331
What are the prime factors of 1658014?
2, 719, 1153
List the prime factors of 7522038.
2, 3, 139297
What are the prime factors of 123932?
2, 30983
List the prime factors of 73116.
2, 3, 677
List the prime factors of 42288056.
2, 41, 229, 563
What are the prime factors of 1918505?
5, 257, 1493
What are the prime factors of 10158587?
113, 89899
What are the prime factors of 1506192?
2, 3, 31379
List the prime factors of 114055.
5, 22811
What are the prime factors of 8553431?
17, 43, 11701
List the prime factors of 301648.
2, 17, 1109
What are the prime factors of 308348?
2, 157, 491
List the prime factors of 6730601.
41, 167, 983
What are the prime factors of 909487?
347, 2621
What are the prime factors of 17365270?
2, 5, 13, 31, 139
List the prime factors of 1846322.
2, 199, 4639
List the prime factors of 21873.
3, 23, 317
List the prime factors of 14140705.
5, 2828141
List the prime factors of 486411.
3, 281, 577
List the prime factors of 223331.
223331
List the prime factors of 3502675.
5, 11, 47, 271
List the prime factors of 15373731.
3, 127, 40351
What are the prime factors of 1072601?
41, 26161
List the prime factors of 1603903.
7, 29, 7901
What are the prime factors of 16812400?
2, 5, 11, 3821
What are the prime factors of 431005?
5, 86201
List the prime factors of 1107438.
2, 3, 379, 487
What are the prime factors of 2012075?
5, 13, 41, 151
List the prime factors of 259397.
259397
List the prime factors of 246308.
2, 139, 443
What are the prime factors of 2841329?
17, 397, 421
List the prime factors of 646200.
2, 3, 5, 359
List the prime factors of 714252.
2, 3, 7, 11, 773
List the prime factors of 962345.
5, 197, 977
List the prime factors of 4192104.
2, 3, 7, 24953
List the prime factors of 467916.
2, 3, 38993
What are the prime factors of 165405?
3, 5, 11027
List the prime factors of 3871076.
2, 11, 97, 907
List the prime factors of 10014162.
2, 3, 1669027
What are the prime factors of 636581?
11, 5261
List the prime factors of 75983.
75983
What are the prime factors of 9934968?
2, 3, 103, 4019
What are the prime factors of 71051?
227, 313
What are the prime factors of 1443389?
1443389
List the prime factors of 20910281.
7, 71, 42073
List the prime factors of 47814.
2, 3, 13, 613
List the prime factors of 163745.
5, 32749
List the prime factors of 2007.
3, 223
What are the prime factors of 12564162?
2, 3, 13, 53693
What are the prime factors of 54675?
3, 5
What are the prime factors of 18024558?
2, 3, 53, 56681
What are the prime factors of 9824562?
2, 3, 11, 29, 59
List the prime factors of 168435.
3, 5, 19, 197
List the prime factors of 13782.
2, 3, 2297
List the prime factors of 7928035.
5, 17, 19, 4909
What are the prime factors of 4545006?
2, 3, 37, 59, 347
What are the prime factors of 151119?
3, 29, 193
List the prime factors of 653852.
2, 31, 5273
List the prime factors of 3620798.
2, 23, 78713
What are the prime factors of 562231?
562231
What are the prime factors of 527540?
2, 5, 13, 2029
What are the prime factors of 33752966?
2, 13, 1298191
What are the prime factors of 1257995?
5, 311, 809
List the prime factors of 73750.
2, 5, 59
What are the prime factors of 982403?
982403
What are the prime factors of 350439?
3, 199, 587
List the prime factors of 262281.
3, 87427
What are the prime factors of 25274624?
2, 98729
What are the prime factors of 249622?
2, 19, 6569
List the prime factors of 849052.
2, 233, 911
List the prime factors of 156790.
2, 5, 15679
What are the prime factors of 249348?
2, 3, 11, 1889
List the prime factors of 294794.
2, 147397
What are the prime factors of 11094022?
2, 5547011
What are the prime factors of 462394?
2, 231197
List the prime factors of 75191.
17, 4423
What are the prime factors of 11359621?
7, 13, 17, 1049
List the prime factors of 5900197.
5900197
What are the prime factors of 170568?
2, 3, 23, 103
What are the prime factors of 379616?
2, 11863
List the prime factors of 2438431.
277, 8803
What are the prime factors of 19399115?
5, 29, 353, 379
What are the prime factors of 1974528?
2, 3, 857
What are the prime factors of 382403?
7, 54629
What are the prime factors of 9914037?
3, 7, 43, 10979
What are the prime factors of 8442101?
367, 23003
What are the prime factors of 217901?
217901
List the prime factors of 727091.
487, 1493
What are the prime factors of 1079542?
2, 19, 28409
What are the prime factors of 19667906?
2, 163, 60331
What are the prime factors of 1057476?
2, 3, 7, 12589
What are the prime factors of 8999?
8999
List the prime factors of 875948.
2, 218987
List the prime factors of 1498177.
569, 2633
List the prime factors of 159007.
29, 5483
List the prime factors of 844215.
3, 5, 23, 2447
What are the prime factors of 28789127?
28789127
What are the prime factors of 2186276?
2, 546569
List the prime factors of 492260